Calculate the greatest common divisor of 630 and 2870.
70
Calculate the greatest common divisor of 222 and 1.
1
Calculate the highest common divisor of 14126 and 28.
14
What is the greatest common divisor of 3 and 219?
3
Calculate the greatest common divisor of 248 and 7068.
124
What is the highest common factor of 340 and 114580?
340
What is the highest common divisor of 837 and 189?
27
What is the greatest common factor of 1318 and 2?
2
What is the greatest common factor of 123 and 22017?
123
What is the highest common factor of 341 and 22?
11
Calculate the highest common divisor of 378 and 432.
54
What is the greatest common factor of 1 and 8?
1
Calculate the greatest common divisor of 188 and 4.
4
Calculate the highest common factor of 1167 and 3.
3
What is the highest common divisor of 247 and 52?
13
Calculate the greatest common divisor of 3090 and 90.
30
Calculate the greatest common factor of 5445 and 45.
45
What is the greatest common factor of 447 and 298?
149
What is the highest common factor of 5 and 485?
5
Calculate the greatest common divisor of 1245 and 60.
15
Calculate the greatest common divisor of 130 and 208.
26
Calculate the highest common divisor of 200 and 16.
8
Calculate the greatest common factor of 5 and 488.
1
What is the greatest common divisor of 70 and 98?
14
What is the highest common factor of 210 and 11040?
30
Calculate the greatest common divisor of 126 and 1134.
126
Calculate the highest common factor of 112 and 7.
7
What is the highest common factor of 78 and 3?
3
What is the greatest common divisor of 210 and 11830?
70
Calculate the highest common factor of 2919 and 315.
21
What is the greatest common factor of 995 and 5?
5
Calculate the greatest common divisor of 34 and 1105.
17
Calculate the greatest common divisor of 2336 and 176.
16
Calculate the greatest common factor of 96 and 54.
6
Calculate the greatest common factor of 104 and 299.
13
Calculate the greatest common factor of 12 and 8964.
12
What is the highest common factor of 969 and 4617?
57
Calculate the highest common factor of 171 and 2790.
9
Calculate the greatest common factor of 92 and 14881.
23
What is the highest common divisor of 189 and 54?
27
What is the highest common divisor of 6 and 33?
3
What is the greatest common divisor of 195 and 39?
39
What is the greatest common divisor of 82 and 1107?
41
Calculate the greatest common factor of 105 and 2800.
35
What is the highest common divisor of 4 and 36?
4
What is the highest common divisor of 105 and 75?
15
Calculate the highest common factor of 11 and 8.
1
Calculate the highest common factor of 164 and 2993.
41
Calculate the highest common divisor of 70 and 815.
5
Calculate the highest common factor of 28 and 126.
14
What is the highest common factor of 1190 and 105?
35
Calculate the highest common divisor of 1081 and 23.
23
What is the highest common factor of 35 and 5005?
35
What is the highest common divisor of 960 and 10880?
320
What is the greatest common divisor of 1428 and 11832?
204
Calculate the highest common factor of 740 and 16.
4
Calculate the greatest common factor of 98 and 21.
7
Calculate the greatest common factor of 39 and 11375.
13
What is the highest common factor of 176 and 1771?
11
What is the highest common factor of 79 and 1343?
79
Calculate the highest common factor of 22 and 506.
22
What is the greatest common factor of 480 and 15000?
120
What is the greatest common factor of 17595 and 230?
115
Calculate the greatest common divisor of 236 and 10502.
118
Calculate the highest common divisor of 17 and 153.
17
Calculate the highest common divisor of 6 and 2631.
3
Calculate the greatest common divisor of 105 and 63.
21
What is the highest common factor of 11 and 593?
1
Calculate the highest common divisor of 15 and 3930.
15
What is the highest common divisor of 285 and 513?
57
What is the greatest common divisor of 293 and 2?
1
Calculate the highest common divisor of 532 and 14.
14
Calculate the greatest common factor of 80 and 3020.
20
Calculate the greatest common divisor of 152 and 2888.
152
Calculate the highest common divisor of 798 and 3306.
114
Calculate the greatest common factor of 765 and 119.
17
What is the highest common factor of 4343 and 1333?
43
Calculate the highest common divisor of 322 and 91.
7
Calculate the greatest common divisor of 3397 and 1419.
43
Calculate the greatest common factor of 232 and 1504.
8
What is the highest common divisor of 176 and 48?
16
What is the greatest common divisor of 17280 and 10?
10
Calculate the highest common factor of 50 and 70.
10
What is the greatest common factor of 3400 and 40?
40
Calculate the greatest common factor of 9 and 24.
3
Calculate the highest common factor of 74 and 9176.
74
Calculate the greatest common divisor of 36 and 516.
12
Calculate the highest common factor of 48 and 2576.
16
Calculate the highest common divisor of 1980 and 77.
11
What is the highest common divisor of 1615 and 76?
19
Calculate the highest common divisor of 126 and 1834.
14
Calculate the greatest common divisor of 130 and 2405.
65
What is the highest common factor of 480 and 100?
20
Calculate the highest common factor of 2550 and 102.
102
Calculate the highest common factor of 60 and 540.
60
What is the greatest common divisor of 110 and 35?
5
Calculate the highest common divisor of 1005 and 1185.
15
What is the highest common divisor of 377 and 247?
13
What is the greatest common divisor of 475 and 19?
19
Calculate the greatest common factor of 210 and 60.
30
What is the greatest common factor of 1715 and 70?
35
Calculate the greatest common divisor of 583 and 159.
53
Calculate the highest common factor of 26 and 9334.
26
What is the greatest common divisor of 27 and 5193?
9
What is the greatest common divisor of 158 and 74?
2
What is the highest common factor of 108 and 8?
4
What is the highest common factor of 18 and 207?
9
Calculate the greatest common factor of 42 and 224.
14
Calculate the highest common divisor of 92 and 36.
4
What is the highest common divisor of 2 and 5794?
2
What is the greatest common divisor of 22 and 649?
11
What is the highest common factor of 11 and 3267?
11
Calculate the highest common factor of 18 and 2169.
9
What is the greatest common factor of 1702 and 962?
74
Calculate the highest common factor of 19 and 56449.
19
What is the greatest common factor of 5 and 3?
1
Calculate the highest common divisor of 48 and 2028.
12
What is the greatest common factor of 479 and 122624?
479
Calculate the greatest common factor of 198 and 342.
18
Calculate the highest common divisor of 3380 and 100.
20
What is the highest common factor of 555 and 15?
15
What is the highest common divisor of 216 and 8?
8
What is the greatest common divisor of 156 and 1287?
39
Calculate the greatest common factor of 664 and 16.
8
Calculate the highest common factor of 6 and 44.
2
What is the greatest common divisor of 17 and 127245?
17
Calculate the highest common divisor of 20 and 3370.
10
Calculate the greatest common factor of 204 and 136.
68
Calculate the greatest common divisor of 74 and 8.
2
Calculate the highest common factor of 55 and 50.
5
Calculate the highest common divisor of 6 and 102.
6
What is the greatest common factor of 42 and 490?
14
What is the greatest common divisor of 6 and 19?
1
What is the highest common factor of 1160 and 29?
29
Calculate the greatest common factor of 71 and 5.
1
Calculate the greatest common divisor of 612 and 68.
68
What is the greatest common factor of 165 and 1605?
15
What is the highest common factor of 1773 and 9?
9
Calculate the highest common divisor of 7 and 35.
7
What is the highest common divisor of 2210 and 1190?
170
Calculate the highest common divisor of 484 and 2.
2
Calculate the highest common factor of 18 and 123.
3
What is the greatest common divisor of 1092 and 12948?
156
What is the greatest common divisor of 68 and 42636?
68
Calculate the highest common factor of 21950 and 20.
10
Calculate the highest common divisor of 91 and 559.
13
Calculate the highest common factor of 57 and 589.
19
What is the highest common factor of 48 and 3180?
12
What is the highest common factor of 70 and 30?
10
What is the highest common divisor of 368 and 416?
16
Calculate the hi